5*p - 2. Suppose j + 6 = 5*z, -j = -3*z - p*j + 10. Suppose b - 81 = -z*b. What is the remainder when b is divided by 7?
6
Suppose 4*b - 5*k = 186, 2*k = b - 4*b + 128. Calculate the remainder when b is divided by 12.
8
Let h = 135 + -108. Calculate the remainder when 71 is divided by h.
17
Let m be (1 - (3 - 3)) + 27. Suppose -5*g + 5*f + 45 = -30, -2*g = -f - m. What is the remainder when 25 is divided by g?
12
Let m be (-261 + -2)*-1 - -2. Suppose 5*j = -50 + m. Let r = 0 + 15. What is the remainder when j is divided by r?
13
Suppose 4*a - 8 = 4. What is the remainder when a is divided by 2?
1
What is the remainder when ((-1)/3)/((-1)/339) + 2 is divided by 39?
37
Suppose 203 = 5*z + 18. What is the remainder when 109 is divided by z?
35
Let t(w) = 0*w + w + w. Let i be t(1). Suppose o - 18 = -i*o. Calculate the remainder when 11 is divided by o.
5
Suppose n = -4*n + 125. Suppose m - 1 = 9. What is the remainder when n is divided by m?
5
Suppose 0 = -3*z + 31 - 10. Let s(k) = k**3 - 7*k**2 + 7*k + 6. Calculate the remainder when s(z) is divided by ((-2)/3)/(2/(-57)).
17
Let o = -13 + 52. Let b(h) = -3*h - 1. Calculate the remainder when o is divided by b(-7).
19
Let n = -107 + 132. What is the remainder when n is divided by 8?
1
Let d(c) = -c**3 - 5*c**2 + 6*c + 4. What is the remainder when (-4)/14 + 144/14 is divided by d(-6)?
2
Let p be (-4)/18 + 1182/(-27). Let y = -19 - p. What is the remainder when y is divided by 9?
7
Let n(g) = -g**2 - g - 2*g + g**3 + g + 1 - 3*g. Let j(p) = 2*p - 2. Let d be j(3). Calculate the remainder when n(d) is divided by 15.
14
Let d(t) = 8*t + 24. Let u(o) = -3*o - 8. Let v(j) = -5*d(j) - 14*u(j). What is the remainder when 33 is divided by v(10)?
9
Suppose 3*h - 5*y = 23, 2*h - 28 = y - 1. Suppose j + 0*j = 12. Suppose p + 17 = 2*k, 3*k - j = 4*p + 11. What is the remainder when h is divided by k?
7
Let s be -3*(-3)/9*-190. Calculate the remainder when (2/5)/((-2)/s) is divided by 26/(-2)*(1 - 2).
12
Suppose -1 = -3*i + 2. Let f be (-33)/(-9) - i/(-3). Suppose -r - 2 = -f. Calculate the remainder when r is divided by 2.
0
Suppose 5*c = 3*w - 5 + 22, -2*c + 10 = 2*w. Calculate the remainder when 7 is divided by c.
3
Let r be 1444/16 - (-1)/(-4). Let i = -12 + 26. Suppose 2*q + i - r = 0. What is the remainder when q is divided by 13?
12
Suppose -3*c - 1 = -16. Suppose 4*r - 81 = c*i, r = 4*i + i + 39. What is the remainder when r is divided by 9?
5
Let p(d) = -d**3 + 13*d**2 - d - 5. Let r be p(13). Calculate the remainder when (-621)/r*4/6 is divided by 5.
3
Let x be (483/(-6))/(-7)*-8. Let u = 137 + x. Let i(m) = -3*m. Calculate the remainder when u is divided by i(-4).
9
Let x = 125 + -114. Calculate the remainder when x is divided by 7.
4
Suppose -4*s + 4 = 0, 3*h + 4*s - 121 = -3. Let x(d) = -d**3 - 9*d**2 - d + 2. Let f be x(-6). What is the remainder when h is divided by -3*(f/3)/5?
18
Let d = -4 - 2. Suppose -4*a = -8*a + 56. Calculate the remainder when 60*(8/d - -2) is divided by a.
12
Suppose -10*k + 804 - 74 = 0. What is the remainder when k is divided by 25?
23
Let c = 34 - 21. Calculate the remainder when 48 - -1 - (2 - 3) is divided by c.
11
What is the remainder when 11 is divided by 5/(20/16) - 1?
2
Suppose 0 = 3*y - 6*y + 9. Calculate the remainder when 220/35 + (-2)/7 is divided by y.
0
Let b(i) = i**3 + 3*i**2 - 4*i. Let y be b(-4). Let f be 0*(y + -1 + 2). Suppose 2*s + 6 - 34 = f. Calculate the remainder when s is divided by 8.
6
Let k = 92 - 54. Let w be (-28)/(-10) + (-1)/(-5). Suppose -5 = -w*g + 4, -5*g + 28 = o. Calculate the remainder when k is divided by o.
12
Calculate the remainder when 110 is divided by ((-14)/(-2))/(10/40).
26
Let d(k) = 6*k**2 - 13*k - 9. Let w(c) = -7*c**2 + 14*c + 8. Let z(g) = 6*d(g) + 5*w(g). What is the remainder when 8 is divided by z(10)?
2
Let j = -18 + 37. Suppose -10 = -w - 0. What is the remainder when j is divided by w?
9
Let q(v) = 2*v**3 - 5*v**2 + 3*v + 1. Let u(a) = a**2 - 4*a + 2. Calculate the remainder when q(3) is divided by u(5).
5
Let s = 51 + -40. Calculate the remainder when 27 is divided by s.
5
Suppose 10*l - 119 = 31. What is the remainder when 58 is divided by l?
13
Let b(v) = -v**3 + 6*v**2 + 7*v - 2. Let y be (-2)/1 + (-45)/(-5). Let u be b(y). Let s(w) = w**3 + 2*w**2 - w. What is the remainder when 4 is divided by s(u)?
0
Let u(k) = -17*k**3 + 6*k**2 - 7*k + 1. Let h(v) = -v**2 + v. Let n(y) = -6*h(y) - u(y). What is the remainder when n(1) is divided by 5?
2
Let m be (-1)/4 + (-4)/(-16). Suppose -54 = -m*y - 3*y. Calculate the remainder when 53 is divided by y.
17
What is the remainder when (-92)/((-7)/((-28)/(-8))) is divided by 12?
10
Let s(h) = -h**2 - 9*h + 12. Let d be s(-10). Suppose -82 = -3*v - 4*p, v + d*p = p + 27. Let j = -14 + 21. What is the remainder when v is divided by j?
5
Let j(o) = -o**3 + 7*o**2 + 7*o - 2. Let a be j(8). What is the remainder when (13/2)/(a/(-20)) is divided by 5?
3
Suppose v - 3 = -1. Suppose 2*w - 270 = -3*w. Suppose -v*r = r - w. Calculate the remainder when 34 is divided by r.
16
Suppose -9*j - j + 620 = 0. What is the remainder when j is divided by 8?
6
Let w(s) = -s**3 - 5*s**2 - 5*s. Let i be w(-4). Let b(f) = f**2 - 3*f - 3. Let o = 8 + -6. What is the remainder when o is divided by b(i)?
0
Suppose 8*l + 48 = 12*l. Calculate the remainder when 45 is divided by l.
9
Let x be (-80)/(-35) + 4/(-14). Suppose 5*b + 5*p = 65, x*p - 71 = -5*b + 3*p. What is the remainder when 53 is divided by b?
11
Let v(z) = z**3 - 6*z**2 - 5. Let g be v(6). Let h(u) = 3*u**3 - 4*u**3 + 3 + 6*u**2 + 2*u + 2*u**3. What is the remainder when 53 is divided by h(g)?
17
Let x(b) = -2 - 7 - 11*b + 1 - b**2. Let c be x(-7). Suppose g = 24 + c. What is the remainder when g is divided by 15?
14
Suppose -263 = -12*f + 61. What is the remainder when f is divided by 8?
3
Suppose -5*v + 7*b - 4*b + 52 = 0, 44 = 4*v - 3*b. Let g = 14 + v. Calculate the remainder when g is divided by 6.
4
What is the remainder when 14 is divided by (-2 - -3 - 3)*-4?
6
Suppose 35 + 149 = 8*q. Calculate the remainder when 63 is divided by q.
17
Let u = -4 - -6. Let d(o) = 4*o**2 + 1 + o + u*o - 3. What is the remainder when d(-3) is divided by 13?
12
Let h = 7 + -3. Calculate the remainder when ((-14)/h)/((-4)/104) is divided by 31.
29
Suppose -3*i + 57 = -36. Suppose 9 = 4*c - i. Calculate the remainder when c is divided by 4.
2
Let c(z) = z**3 - 9*z**2 + 10*z + 10. What is the remainder when 75 is divided by c(8)?
23
Let r(w) be the second derivative of 7*w**5/20 + w**4/6 - w**2/2 - 7*w. What is the remainder when 15 is divided by r(1)?
7
Let j(k) = -k - 2. Let o be j(6). Let z(t) = t**2 + 3*t - 3. What is the remainder when z(o) is divided by 13?
11
Suppose -7*w + w + 72 = 0. What is the remainder when 34 is divided by w?
10
Let n(u) = -u + 14. Calculate the remainder when 16 is divided by n(5).
7
Let r(o) = -o**2 + o + 2. Let b be 0/(-2 + (6 - 1)). Suppose 0 = -3*k + 2 + 1, 0 = -2*v - 3*k + 7. Calculate the remainder when r(b) is divided by v.
0
Let l be -6 + 0 - (-4)/2. What is the remainder when (-198)/l + 1/2 is divided by 13?
11
Let x = 101 - 60. Let l(g) = 5*g**2 - g - 1. Let a(f) = -4*f**2 + 2*f + 1. Let n(y) = -6*a(y) - 5*l(y). Calculate the remainder when x is divided by n(-4).
8
Calculate the remainder when 53 is divided by 28 - ((-1 - -3) + -2).
25
What is the remainder when 46 is divided by 12/(-30) - (-124)/10?
10
Suppose -4*m + 30 - 10 = 0. Let v = -4 - -4. Suppose v = -x + m + 7. What is the remainder when 22 is divided by x?
10
Calculate the remainder when (2/5)/((-4)/(-1220)) is divided by 31.
29
Suppose 0 = 9*g - 10*g + 2. What is the remainder when 9 is divided by g?
1
Let s(i) = i**3 + 16*i**2 - 15*i + 42. Calculate the remainder when s(-17) is divided by 8.
0
Let h = -94 - -223. What is the remainder when h is divided by 22?
19
Suppose 5*u + 3*z - 557 = 0, 5*u - 169 - 360 = 4*z. What is the remainder when u is divided by 11?
10
Let n(g) = 6*g**2 - g. Calculate the remainder when -2*4/36*-30*3 is divided by n(-1).
6
Let b(h) = 3*h - 3. Let f be b(5). Let p = 6 + f. Suppose 4*q - q - 105 = 0. Calculate the remainder when q is divided by p.
17
Calculate the remainder when (-5)/(185/(-45) - -4) is divided by 12